{"id":2883,"date":"2020-03-18T11:26:40","date_gmt":"2020-03-18T11:26:40","guid":{"rendered":"https:\/\/studyinireland.us\/?page_id=2883"},"modified":"2023-07-20T13:39:13","modified_gmt":"2023-07-20T12:39:13","slug":"nase-sluzby","status":"publish","type":"page","link":"https:\/\/teachertraining.studyinireland.ie\/cs\/our-services\/","title":{"rendered":"Na\u0161e slu\u017eby"},"content":{"rendered":"<div class=\"wpb-content-wrapper\" id=\"wpb-content-root\"><div class=\"vc_row wpb_row vc_row-fluid\"><div class=\"wpb_column vc_column_container vc_col-sm-12\"><div class=\"vc_column-inner\"><div class=\"wpb_wrapper\"><h1 style=\"text-align: left\" class=\"vc_custom_heading vc_do_custom_heading\" >Na\u0161e slu\u017eby<\/h1>\n\t<div class=\"wpb_text_column wpb_content_element\" >\n\t\t<div class=\"wpb_wrapper\">\n\t\t\t<blockquote>\n<p style=\"text-align: justify;\">Jsme hrd\u00ed na n\u00e1\u0161 osobn\u00ed p\u0159\u00edstup \u2013 na\u0161i studenti jsou na\u0161\u00ed prioritou. Od \u00favodn\u00ed f\u00e1ze \u017e\u00e1dosti a\u017e do konce kurzu jsme zde, abychom zajistili, \u017ee va\u0161e pot\u0159eby budou uspokojeny v p\u0159\u00e1telsk\u00e9m, starostliv\u00e9m a podp\u016frn\u00e9m prost\u0159ed\u00ed.<\/p>\n<\/blockquote>\n\n\t\t<\/div>\n\t<\/div>\n\n\t<div class=\"wpb_text_column wpb_content_element\" >\n\t\t<div class=\"wpb_wrapper\">\n\t\t\t<p style=\"text-align: justify;\">ISI zam\u011bstn\u00e1v\u00e1 velk\u00fd profesion\u00e1ln\u00ed t\u00fdm mana\u017eer\u016f, administr\u00e1tor\u016f a u\u010ditel\u016f, aby zajistil, \u017ee va\u0161e zku\u0161enost v na\u0161ich centrech bude pozitivn\u00ed a obohacuj\u00edc\u00ed.<\/p>\n<p style=\"text-align: justify;\">Zat\u00edmco na\u0161e zam\u011bstnance a u\u010ditele naj\u00edm\u00e1me na z\u00e1klad\u011b jejich kvalifikace, zku\u0161enost\u00ed a osobnosti, v\u0161echny spojuje jedno \u2013 l\u00e1ska k pr\u00e1ci s lidmi. V\u0161ichni u\u010ditel\u00e9 maj\u00ed vysoko\u0161kolsk\u00e9 vzd\u011bl\u00e1n\u00ed prvn\u00edho stupn\u011b, uzn\u00e1vanou pedagogickou kvalifikaci a pedagogickou praxi doma i v zahrani\u010d\u00ed. U\u010ditele v\u0161ak vyb\u00edr\u00e1me nejen podle jejich kvalifikace, zku\u0161enost\u00ed a v\u00e1\u0161n\u011b pro anglick\u00fd jazyk, ale tak\u00e9 podle jejich osobnosti a dal\u0161\u00edch z\u00e1jm\u016f. V\u0161ichni na\u0161i zam\u011bstnanci projevuj\u00ed siln\u00e9 odhodl\u00e1n\u00ed a nad\u0161en\u00ed, a proto jsme si jisti, \u017ee si na\u0161i studenti u\u017eij\u00ed velmi speci\u00e1ln\u00ed v\u00fduku. Na\u0161e slu\u017eby zahrnuj\u00ed:<\/p>\n<ul>\n<li><a href=\"https:\/\/teachertraining.studyinireland.ie\/cs\/socialni-program\/\">Soci\u00e1ln\u00ed program\u00a0<\/a><\/li>\n<li style=\"text-align: justify;\">Leti\u0161t\u011b odvozy<\/li>\n<li style=\"text-align: justify;\">Podpora ubytov\u00e1n\u00ed<\/li>\n<li style=\"text-align: justify;\">Orientace<\/li>\n<li style=\"text-align: justify;\">Imigrace a v\u00edza<\/li>\n<li style=\"text-align: justify;\">Soci\u00e1ln\u00ed p\u00e9\u010de<\/li>\n<li style=\"text-align: justify;\">Hled\u00e1n\u00ed pr\u00e1ce<\/li>\n<li style=\"text-align: justify;\">Registrace na zkou\u0161ku<\/li>\n<\/ul>\n\n\t\t<\/div>\n\t<\/div>\n<\/div><\/div><\/div><\/div>\n<\/div>","protected":false},"excerpt":{"rendered":"Our Services We pride ourselves on our personal approach - our students are our priority. From your initial application stage to the end of the course, we are here to ...","protected":false},"author":1,"featured_media":0,"parent":0,"menu_order":0,"comment_status":"closed","ping_status":"closed","template":"template-fullwidth.php","meta":{"_seopress_titles_title":"","_seopress_titles_desc":"","_seopress_robots_index":"yes","_seopress_robots_follow":"yes","_seopress_robots_imageindex":"yes","_seopress_robots_snippet":"yes","_seopress_robots_primary_cat":"","_seopress_robots_breadcrumbs":"","_seopress_robots_freeze_modified_date":"","_seopress_robots_custom_modified_date":"","_seopress_robots_canonical":"","_seopress_social_fb_title":"","_seopress_social_fb_desc":"","_seopress_social_fb_img":"","_seopress_social_fb_img_attachment_id":0,"_seopress_social_fb_img_width":0,"_seopress_social_fb_img_height":0,"_seopress_social_twitter_title":"","_seopress_social_twitter_desc":"","_seopress_social_twitter_img":"","_seopress_social_twitter_img_attachment_id":0,"_seopress_social_twitter_img_width":0,"_seopress_social_twitter_img_height":0,"_seopress_redirections_value":"","_seopress_redirections_enabled":"","_seopress_redirections_enabled_regex":"","_seopress_redirections_logged_status":"both","_seopress_redirections_param":"","_seopress_redirections_type":301,"_seopress_analysis_target_kw":"","_seopress_news_disabled":"","_seopress_video_disabled":"","_seopress_video":[],"_seopress_pro_schemas_manual":[],"_seopress_pro_rich_snippets_disable_all":"","_seopress_pro_rich_snippets_disable":[],"_seopress_pro_schemas":[],"footnotes":""},"class_list":["post-2883","page","type-page","status-publish","hentry"],"_links":{"self":[{"href":"https:\/\/teachertraining.studyinireland.ie\/cs\/wp-json\/wp\/v2\/pages\/2883","targetHints":{"allow":["GET"]}}],"collection":[{"href":"https:\/\/teachertraining.studyinireland.ie\/cs\/wp-json\/wp\/v2\/pages"}],"about":[{"href":"https:\/\/teachertraining.studyinireland.ie\/cs\/wp-json\/wp\/v2\/types\/page"}],"author":[{"embeddable":true,"href":"https:\/\/teachertraining.studyinireland.ie\/cs\/wp-json\/wp\/v2\/users\/1"}],"replies":[{"embeddable":true,"href":"https:\/\/teachertraining.studyinireland.ie\/cs\/wp-json\/wp\/v2\/comments?post=2883"}],"version-history":[{"count":0,"href":"https:\/\/teachertraining.studyinireland.ie\/cs\/wp-json\/wp\/v2\/pages\/2883\/revisions"}],"wp:attachment":[{"href":"https:\/\/teachertraining.studyinireland.ie\/cs\/wp-json\/wp\/v2\/media?parent=2883"}],"curies":[{"name":"wp","href":"https:\/\/api.w.org\/{rel}","templated":true}]}}

Naše služby

<div class="wpb-content-wrapper" id="wpb-content-root"><div class="vc_row wpb_row vc_row-fluid"><div class="wpb_column vc_column_container vc_col-sm-12"><div class="vc_column-inner"><div class="wpb_wrapper"><h1 style="text-align: left" class="vc_custom_heading vc_do_custom_heading" >Naše služby</h1>
	<div class="wpb_text_column wpb_content_element" >
		<div class="wpb_wrapper">
			<blockquote>
<p style="text-align: justify;">Jsme hrdí na náš osobní přístup – naši studenti jsou naší prioritou. Od úvodní fáze žádosti až do konce kurzu jsme zde, abychom zajistili, že vaše potřeby budou uspokojeny v přátelském, starostlivém a podpůrném prostředí.</p>
</blockquote>

		</div>
	</div>

	<div class="wpb_text_column wpb_content_element" >
		<div class="wpb_wrapper">
			<p style="text-align: justify;">ISI zaměstnává velký profesionální tým manažerů, administrátorů a učitelů, aby zajistil, že vaše zkušenost v našich centrech bude pozitivní a obohacující.</p>
<p style="text-align: justify;">Zatímco naše zaměstnance a učitele najímáme na základě jejich kvalifikace, zkušeností a osobnosti, všechny spojuje jedno – láska k práci s lidmi. Všichni učitelé mají vysokoškolské vzdělání prvního stupně, uznávanou pedagogickou kvalifikaci a pedagogickou praxi doma i v zahraničí. Učitele však vybíráme nejen podle jejich kvalifikace, zkušeností a vášně pro anglický jazyk, ale také podle jejich osobnosti a dalších zájmů. Všichni naši zaměstnanci projevují silné odhodlání a nadšení, a proto jsme si jisti, že si naši studenti užijí velmi speciální výuku. Naše služby zahrnují:</p>
<ul>
<li><a href="https://teachertraining.studyinireland.ie/cs/socialni-program/">Sociální program </a></li>
<li style="text-align: justify;">Letiště odvozy</li>
<li style="text-align: justify;">Podpora ubytování</li>
<li style="text-align: justify;">Orientace</li>
<li style="text-align: justify;">Imigrace a víza</li>
<li style="text-align: justify;">Sociální péče</li>
<li style="text-align: justify;">Hledání práce</li>
<li style="text-align: justify;">Registrace na zkoušku</li>
</ul>

		</div>
	</div>
</div></div></div></div>
</div>
